{"id":4139,"date":"2020-09-29T15:55:51","date_gmt":"2020-09-29T13:55:51","guid":{"rendered":"https:\/\/gab-expert.fr\/?page_id=4139"},"modified":"2022-02-22T11:32:52","modified_gmt":"2022-02-22T10:32:52","slug":"recherche-de-fuite-non-destructive-par-detection-technique-sans-cassee-urgence","status":"publish","type":"page","link":"https:\/\/gab-expert.fr\/?page_id=4139","title":{"rendered":"RECHERCHE DE FUITE NON DESTRUCTIVE PAR D\u00c9TECTION TECHNIQUE (sans cass\u00e9e) &#8211; Urgence"},"content":{"rendered":"<p>[vc_row equal_height=\u00a0\u00bbyes\u00a0\u00bb][vc_column]<div class=\"mgt-header-block clearfix text-left text-black wpb_content_element  mgt-header-block-style-2 mgt-header-texttransform-header \"><h2 class=\"mgt-header-block-title\">RECHERCHE DE FUITE NON DESTRUCTIVE PAR D\u00c9TECTION TECHNIQUE<\/h2><div class=\"mgt-header-line\"><\/div><\/div>[\/vc_column][vc_column width=\u00a0\u00bb2\/3&Prime; css=\u00a0\u00bb.vc_custom_1585767986281{padding-top: 25px !important;}\u00a0\u00bb][vc_column_text css=\u00a0\u00bb.vc_custom_1645525971607{padding-top: 20px !important;padding-right: 20px !important;padding-bottom: 20px !important;padding-left: 20px !important;}\u00a0\u00bb]<em><strong>Vous avez une surconsommation d&rsquo;eau, infiltration ou d&rsquo;humidit\u00e9 sur murs &#8211; sol &#8211; plafond\u00a0 et vous ne savez pas d&rsquo;o\u00f9 \u00e7a provient.<\/strong><\/em><\/p>\n<p><em>Notre entreprise intervient pour d\u00e9tecter les fuites sans casse sur de source invisibles ou d&rsquo;infiltration inconnu, que soit pour des particuliers, des professionnels ou des collectivit\u00e9s.<\/em><\/p>\n<p><em>Nous intervenons sur vos canalisations <strong>(int\u00e9rieurs et ext\u00e9rieurs)<\/strong>.<\/em><\/p>\n<p><em>Nous pouvons v\u00e9rifie votre r\u00e9seaux d&rsquo;eau us\u00e9e ou d&rsquo;eau pluviale par camera d&rsquo;inspection, pour v\u00e9rifier l&rsquo;\u00e9tat de tuyau soit la localisation de dommage par la nature (r\u00e9seau bouch\u00e9 ou cass\u00e9e).<\/em><\/p>\n<p><em><strong>Vous avez une fuite ou souhaitez conna\u00eetre les chemins de vos r\u00e9seaux, gr\u00e2ce aux appareils de derni\u00e8re g\u00e9n\u00e9ration.<\/strong><\/em><\/p>\n<p><em>Nous pouvons tracer les chemins de vos r\u00e9seaux : <strong>GAZ, EAU, EVACUATION, EAU PLUVIALE etc&#8230;<\/strong>, localiser la fuite et la profondeur de votre r\u00e9seau.<\/em><\/p>\n<p><em>Apr\u00e8s avoir d\u00e9tect\u00e9 le dommage de r\u00e9seau, nous pouvons effectuer la r\u00e9paration.<\/em>[\/vc_column_text][\/vc_column][vc_column width=\u00a0\u00bb1\/3&Prime;]<style scoped='scoped'>.mgt-promo-block-26002.mgt-promo-block.darken .mgt-promo-block-content {background-color: rgba(0,0,0,0.3)!important;}.mgt-promo-block-26002.mgt-promo-block.animated:hover .mgt-promo-block-content {background-color: rgba(0,0,0,0.5)!important;}<\/style><div class=\"mgt-promo-block animated white-text cover-image text-size-normal darken mgt-promo-block-26002 wpb_content_element wpb_animate_when_almost_visible wpb_appear\" data-style=\"width: 100%; height: 250px;\"><div class=\"mgt-promo-block-content\"><div class=\"mgt-promo-block-content-inside\">\n<h2 style=\"text-align: center\">Contactez-nous<\/h2>\n<h1 style=\"text-align: center\"><strong>06.58.10.55.16<\/strong><\/h1>\n<\/div><\/div><\/div>[\/vc_column][\/vc_row][vc_row][vc_column]<style scoped='scoped'>.mgt-promo-block-68976.mgt-promo-block.darken .mgt-promo-block-content {background-color: rgba(0,0,0,0.3)!important;}.mgt-promo-block-68976.mgt-promo-block.animated:hover .mgt-promo-block-content {background-color: rgba(0,0,0,0.5)!important;}<\/style><div class=\"mgt-promo-block animated white-text cover-image text-size-normal darken mgt-promo-block-68976 wpb_content_element\" data-style=\"background-image: url(https:\/\/gab-expert.fr\/wp-content\/uploads\/2021\/03\/20210320_133211-2.jpg);background-repeat: no-repeat;width: 100%; height: 2000px;\"><div class=\"mgt-promo-block-content\"><div class=\"mgt-promo-block-content-inside\"><\/div><\/div><\/div>[\/vc_column][\/vc_row]<\/p>\n","protected":false},"excerpt":{"rendered":"<p>[vc_row equal_height=\u00a0\u00bbyes\u00a0\u00bb][vc_column][\/vc_column][vc_column width=\u00a0\u00bb2\/3&Prime; css=\u00a0\u00bb.vc_custom_1585767986281{padding-top: 25px !important;}\u00a0\u00bb][vc_column_text css=\u00a0\u00bb.vc_custom_1645525971607{padding-top: 20px !important;padding-right: 20px !important;padding-bottom: 20px !important;padding-left: 20px !important;}\u00a0\u00bb]Vous avez une surconsommation d&rsquo;eau, infiltration ou d&rsquo;humidit\u00e9 sur murs &#8211; sol &#8211; plafond\u00a0 et vous&#8230;<\/p>\n","protected":false},"author":1,"featured_media":0,"parent":461,"menu_order":0,"comment_status":"closed","ping_status":"closed","template":"only-content-page.php","meta":{"footnotes":""},"class_list":["post-4139","page","type-page","status-publish","hentry"],"_links":{"self":[{"href":"https:\/\/gab-expert.fr\/index.php?rest_route=\/wp\/v2\/pages\/4139","targetHints":{"allow":["GET"]}}],"collection":[{"href":"https:\/\/gab-expert.fr\/index.php?rest_route=\/wp\/v2\/pages"}],"about":[{"href":"https:\/\/gab-expert.fr\/index.php?rest_route=\/wp\/v2\/types\/page"}],"author":[{"embeddable":true,"href":"https:\/\/gab-expert.fr\/index.php?rest_route=\/wp\/v2\/users\/1"}],"replies":[{"embeddable":true,"href":"https:\/\/gab-expert.fr\/index.php?rest_route=%2Fwp%2Fv2%2Fcomments&post=4139"}],"version-history":[{"count":17,"href":"https:\/\/gab-expert.fr\/index.php?rest_route=\/wp\/v2\/pages\/4139\/revisions"}],"predecessor-version":[{"id":4267,"href":"https:\/\/gab-expert.fr\/index.php?rest_route=\/wp\/v2\/pages\/4139\/revisions\/4267"}],"up":[{"embeddable":true,"href":"https:\/\/gab-expert.fr\/index.php?rest_route=\/wp\/v2\/pages\/461"}],"wp:attachment":[{"href":"https:\/\/gab-expert.fr\/index.php?rest_route=%2Fwp%2Fv2%2Fmedia&parent=4139"}],"curies":[{"name":"wp","href":"https:\/\/api.w.org\/{rel}","templated":true}]}}