{"id":4044,"date":"2020-09-28T19:04:02","date_gmt":"2020-09-28T17:04:02","guid":{"rendered":"https:\/\/gab-expert.fr\/?page_id=4044"},"modified":"2020-09-28T21:10:40","modified_gmt":"2020-09-28T19:10:40","slug":"nettoyage-de-facade-et-toiture","status":"publish","type":"page","link":"https:\/\/gab-expert.fr\/?page_id=4044","title":{"rendered":"Nettoyage de Fa\u00e7ade et Toiture"},"content":{"rendered":"<p>[vc_row equal_height=\u00a0\u00bbyes\u00a0\u00bb][vc_column]<div class=\"mgt-header-block clearfix text-left text-black wpb_content_element  mgt-header-block-style-2 mgt-header-texttransform-header \"><h2 class=\"mgt-header-block-title\">Nos services nettoyage des fa\u00e7ades et toitures<\/h2><div class=\"mgt-header-line\"><\/div><\/div>[\/vc_column][vc_column width=\u00a0\u00bb2\/3&Prime; css=\u00a0\u00bb.vc_custom_1585767986281{padding-top: 25px !important;}\u00a0\u00bb][vc_column_text el_id=\u00a0\u00bbhttps:\/\/gab-expert.fr\/?page_id=4039&Prime;]<strong><em>Votre fa\u00e7ade perd sa nature et son esth\u00e9tique suite aux diff\u00e9rentes intemp\u00e9ries et les poussi\u00e8res.<\/em><\/strong><\/p>\n<p><em>Notre \u00e9quipe est pr\u00eat de se occupe de ranimer votre fa\u00e7ade et le toit, par un simple nettoyage, avec un produit nettoyant sp\u00e9cifique et un produit nettoyant-d\u00e9graissant contre les salissures et pollution atmosph\u00e9rique.<\/em><\/p>\n<p><em>Nous procession le nettoyage avec d&rsquo;un nettoyeur haute pression eau chaude, qui permet d&rsquo;avoir un r\u00e9sultat excellent.<\/em><\/p>\n<p><em>Apr\u00e8s le nettoyage de votre fa\u00e7ade, nous vous proposons un traitement avec un produit imperm\u00e9abilisant.<\/em><br \/>\n<em>Ce traitement hydrofuge est efficace pour prot\u00e9ger le fa\u00e7ade des infiltrations et de l\u2019humidit\u00e9.<\/em>[\/vc_column_text][\/vc_column][vc_column width=\u00a0\u00bb1\/3&Prime;]<style scoped='scoped'>.mgt-promo-block-26002.mgt-promo-block.darken .mgt-promo-block-content {background-color: rgba(0,0,0,0.3)!important;}.mgt-promo-block-26002.mgt-promo-block.animated:hover .mgt-promo-block-content {background-color: rgba(0,0,0,0.5)!important;}<\/style><div class=\"mgt-promo-block animated white-text cover-image text-size-normal darken mgt-promo-block-26002 wpb_content_element wpb_animate_when_almost_visible wpb_appear\" data-style=\"width: 100%; height: 250px;\"><div class=\"mgt-promo-block-content\"><div class=\"mgt-promo-block-content-inside\">\n<h2 style=\"text-align: center\">Contactez-nous<\/h2>\n<h1 style=\"text-align: center\"><strong>06.58.10.55.16<\/strong><\/h1>\n<\/div><\/div><\/div>[\/vc_column][\/vc_row][vc_row][vc_column]<style scoped='scoped'>.mgt-promo-block-68976.mgt-promo-block.darken .mgt-promo-block-content {background-color: rgba(0,0,0,0.3)!important;}.mgt-promo-block-68976.mgt-promo-block.animated:hover .mgt-promo-block-content {background-color: rgba(0,0,0,0.5)!important;}<\/style><div class=\"mgt-promo-block animated white-text cover-image text-size-normal darken mgt-promo-block-68976 wpb_content_element\" data-style=\"background-image: url(https:\/\/gab-expert.fr\/wp-content\/uploads\/2020\/07\/G.A.B-Avant-et-Apres.jpg);background-repeat: no-repeat;width: 100%; height: 700px;\"><div class=\"mgt-promo-block-content\"><div class=\"mgt-promo-block-content-inside\"><\/div><\/div><\/div>[\/vc_column][\/vc_row]<\/p>\n","protected":false},"excerpt":{"rendered":"<p>[vc_row equal_height=\u00a0\u00bbyes\u00a0\u00bb][vc_column][\/vc_column][vc_column width=\u00a0\u00bb2\/3&Prime; css=\u00a0\u00bb.vc_custom_1585767986281{padding-top: 25px !important;}\u00a0\u00bb][vc_column_text el_id=\u00a0\u00bbhttps:\/\/gab-expert.fr\/?page_id=4039&Prime;]Votre fa\u00e7ade perd sa nature et son esth\u00e9tique suite aux diff\u00e9rentes intemp\u00e9ries et les poussi\u00e8res. Notre \u00e9quipe est pr\u00eat de se occupe de ranimer&#8230;<\/p>\n","protected":false},"author":1,"featured_media":0,"parent":461,"menu_order":0,"comment_status":"closed","ping_status":"closed","template":"only-content-page.php","meta":{"footnotes":""},"class_list":["post-4044","page","type-page","status-publish","hentry"],"_links":{"self":[{"href":"https:\/\/gab-expert.fr\/index.php?rest_route=\/wp\/v2\/pages\/4044","targetHints":{"allow":["GET"]}}],"collection":[{"href":"https:\/\/gab-expert.fr\/index.php?rest_route=\/wp\/v2\/pages"}],"about":[{"href":"https:\/\/gab-expert.fr\/index.php?rest_route=\/wp\/v2\/types\/page"}],"author":[{"embeddable":true,"href":"https:\/\/gab-expert.fr\/index.php?rest_route=\/wp\/v2\/users\/1"}],"replies":[{"embeddable":true,"href":"https:\/\/gab-expert.fr\/index.php?rest_route=%2Fwp%2Fv2%2Fcomments&post=4044"}],"version-history":[{"count":5,"href":"https:\/\/gab-expert.fr\/index.php?rest_route=\/wp\/v2\/pages\/4044\/revisions"}],"predecessor-version":[{"id":4070,"href":"https:\/\/gab-expert.fr\/index.php?rest_route=\/wp\/v2\/pages\/4044\/revisions\/4070"}],"up":[{"embeddable":true,"href":"https:\/\/gab-expert.fr\/index.php?rest_route=\/wp\/v2\/pages\/461"}],"wp:attachment":[{"href":"https:\/\/gab-expert.fr\/index.php?rest_route=%2Fwp%2Fv2%2Fmedia&parent=4044"}],"curies":[{"name":"wp","href":"https:\/\/api.w.org\/{rel}","templated":true}]}}