{"id":3761,"date":"2020-04-03T12:20:54","date_gmt":"2020-04-03T10:20:54","guid":{"rendered":"http:\/\/localhost\/gab-expert.fr\/?page_id=3761"},"modified":"2020-04-07T16:22:58","modified_gmt":"2020-04-07T14:22:58","slug":"mentions-legales","status":"publish","type":"page","link":"https:\/\/gab-expert.fr\/?page_id=3761","title":{"rendered":"Mentions L\u00e9gales"},"content":{"rendered":"<p>[vc_row][vc_column][vc_column_text]<\/p>\r\n<h2 class=\"wp-block-heading\">Qui sommes-nous\u00a0?<\/h2><p>L\u2019adresse de notre site Web est : gab-expert.fr.<\/p><p>&nbsp;<\/p><div class=\"widget-title\">\r\n<div class=\"widget-title\">\r\n<div class=\"clear\"><\/div>\r\n<\/div>\r\n<h4 class=\"wp-block-heading\">AVANT-PROPOS<\/h4>\r\n<div class=\"widget-content widget-note\">\r\n<p class=\"paragraph\">Sauf disposition contraire, les pr\u00e9sentes mentions l\u00e9gales sont applicables \u00e0 votre navigation sur le site Internet <strong>www.gab-expert.fr<\/strong>\u00a0y compris dans leurs versions optimis\u00e9es pour la navigation sur des mobiles, tablettes et smartphones.<\/p>\r\n<p class=\"paragraph\">Les informations communiqu\u00e9es sur le Site sont destin\u00e9es \u00e0 un public situ\u00e9 en France. Les mentions l\u00e9gales applicables \u00e0 tout autre pays ou r\u00e9gion du monde peuvent \u00eatre diff\u00e9rentes.<\/p>\r\n<\/div>\r\n<h4>INFORMATIONS L\u00c9GALES:<\/h4>\r\n<div class=\"widget-content widget-note\">\r\n<ul>\r\n<li>Statut du propri\u00e9taire : Pr\u00e9sident<\/li>\r\n<li>Adresse : <a>15 RUE RENE BRUN 91330 YERRES<\/a><\/li>\r\n<li>T\u00e9l : 06 58 10 55 16<\/li>\r\n<li>SIRET : 81981540800029<\/li>\r\n<\/ul>\r\n<p class=\"paragraph\">Pour toute question concernant plus particuli\u00e8rement le site \u00ab<strong>www.gab-expert.fr<\/strong> \u00bb, nous vous remercions de bien vouloir vous adresser par e-mail \u00e0 : <strong>contact@gab-expert.fr<\/strong><\/p>\r\n<p class=\"paragraph\">L&rsquo;acc\u00e8s au Site ainsi que l&rsquo;utilisation de son contenu s&rsquo;effectue dans le cadre des mentions d&rsquo;utilisation d\u00e9crites ci-apr\u00e8s. Le fait d&rsquo;acc\u00e9der et de naviguer sur le Site constitue de votre part une acceptation sans r\u00e9serve des pr\u00e9cisions suivantes d\u00e9crites ci-apr\u00e8s.<\/p>\r\n<\/div>\r\n<h4>DROITS DE PROPRI\u00c9T\u00c9 INTELLECTUELLE<\/h4>\r\n<div class=\"widget-content widget-note\">\r\n<p class=\"paragraph\">M. Vasile ARIONEAC est le propri\u00e9taire du domaine \u00ab <strong>gab-expert.fr<\/strong> \u00bb. Le Site est une \u0153uvre de l&rsquo;esprit prot\u00e9g\u00e9e par les lois de la propri\u00e9t\u00e9 intellectuelle. Le Site dans son ensemble ainsi que les produits\/prestations qui y sont vendus, et chacun des \u00e9l\u00e9ments de propri\u00e9t\u00e9 intellectuelle qui le composent (tels que textes, arborescences, logiciels, sch\u00e9mas, animations, photographies, illustrations, logos, marques, dessins et mod\u00e8les) sont la propri\u00e9t\u00e9 exclusive de M. Vasile ARIONEAC et\/ou de ses soci\u00e9t\u00e9s.<\/p>\r\n<p class=\"paragraph\">L&rsquo;usage de tout ou partie du Site, notamment par t\u00e9l\u00e9chargement, reproduction, transmission, repr\u00e9sentation ou diffusion \u00e0 d&rsquo;autres fins que pour votre usage personnel et priv\u00e9 dans un but commercial ou non est strictement interdit. La violation de ces dispositions vous soumet aux sanctions pr\u00e9vues par la loi.<\/p>\r\n<p class=\"paragraph\">La cr\u00e9ation de liens hypertextes vers le Site ne peut \u00eatre faite qu&rsquo;avec l&rsquo;autorisation \u00e9crite et pr\u00e9alable de M. ARIONEAC, laquelle autorisation peut \u00eatre r\u00e9voqu\u00e9e \u00e0 tout moment.<\/p>\r\n<p class=\"paragraph\"><strong>gab-expert.fr<\/strong> est libre de modifier, \u00e0 tout moment et sans pr\u00e9avis, le contenu du Site.<\/p>\r\n<\/div>\r\n<h4>GARANTIE ET RESPONSABILIT\u00c9<\/h4>\r\n<div class=\"widget-content widget-note\">\r\n<p class=\"Card__title no-mt underline\">GESTION ARION BATIMENT (G.A.B.)\u00a0 s&rsquo;efforce d&rsquo;assurer au mieux que les informations accessibles par l&rsquo;interm\u00e9diaire du Site sont exactes et mises \u00e0 jour. Cependant, G.A.B. ne garantit en aucune mani\u00e8re que ces informations soient exactes, compl\u00e8tes et \u00e0 jour. Aucune garantie, expresse ou tacite, concernant tout ou partie du Site <strong>www.gab-expert.fr<\/strong><\/p>\r\n<p class=\"paragraph\">Sous r\u00e9serve des dispositions sp\u00e9cifiques \u00e0 la prestation de services, GESTION ARION BATIMENT (G.A.B.) d\u00e9cline toute responsabilit\u00e9 en cas d&rsquo;interruption ou d&rsquo;inaccessibilit\u00e9 du Site, de survenance de bogues, de tout dommage r\u00e9sultant d&rsquo;actes frauduleux de tiers (tels qu\u2019intrusion) \u00e0 partir du Site.<\/p>\r\n<p class=\"paragraph\">GESTION ARION BATIMENT (G.A.B.) met en \u0153uvre des moyens destin\u00e9s \u00e0 assurer la s\u00e9curit\u00e9 des fichiers constitu\u00e9s \u00e0 partir des donn\u00e9es \u00e0 caract\u00e8re personnel collect\u00e9es sur le Site. GESTION ARION BATIMENT (G.A.B.) ne ma\u00eetrise pas les risques li\u00e9s au fonctionnement d&rsquo;Internet et attire votre attention sur l&rsquo;existence d&rsquo;\u00e9ventuels risques en terme de confidentialit\u00e9 des donn\u00e9es transitant via ce r\u00e9seau.<\/p>\r\n<p class=\"paragraph\">Pour toute question concernant les r\u00e8gles de garanties et responsabilit\u00e9 applicables \u00e0 sur nos services, nous vous invitons \u00e0 consulter les CGV accessibles sur notre site <strong>www.gab-expert.fr<\/strong><\/p>\r\n<\/div>\r\n<h4>AFFICHAGE DES PRIX<\/h4>\r\n<div class=\"widget-content widget-note\">\r\n<p class=\"paragraph\">Le cas \u00e9ch\u00e9ant, et \u00e0 l&rsquo;exclusion d&rsquo;un acte d&rsquo;achat de prestation en ligne, les prix affich\u00e9s sur le Site sont indiqu\u00e9s en Euros et s&rsquo;entendent toutes taxes comprises (TTC). TVA non applicable, art. 293B du CGI.<\/p>\r\n<\/div>\r\n<h4>MODIFICATION DES MENTIONS L\u00c9GALES<\/h4>\r\n<div class=\"widget-content widget-note\">\r\n<p class=\"paragraph\">GESTION ARION BATIMENT (G.A.B.) vous informe que les pr\u00e9sentes mentions peuvent \u00eatre modifi\u00e9es \u00e0 tout moment. Ces modifications sont publi\u00e9es par leur mise en ligne et sont r\u00e9put\u00e9es accept\u00e9es sans r\u00e9serve lorsque vous acc\u00e9dez au Site post\u00e9rieurement \u00e0 leur mise en ligne. Nous vous recommandons de consulter r\u00e9guli\u00e8rement la pr\u00e9sente page.<\/p>\r\n<\/div>\r\n<h4>MODIFICATION DES MENTIONS L\u00c9GALES<\/h4>\r\n<div class=\"widget-content widget-note\">\r\n<p class=\"paragraph\">Les pr\u00e9sentes mentions sont \u00e9tablies en conformit\u00e9 avec le droit fran\u00e7ais de la loi n\u00b02004-575 du 21 juin 2004 pour la confiance dans l&rsquo;\u00e9conomie num\u00e9rique ainsi que la loi n\u00b078-17 du 6 janvier 1978 modifi\u00e9e par la loi n\u00b02004-801 du 6 ao\u00fbt 2004 Informatique et Libert\u00e9s. Les juridictions fran\u00e7aises parisiennes sont territorialement comp\u00e9tentes pour conna\u00eetre de tout litige aff\u00e9rent au Site \u00e0 l&rsquo;exception des r\u00e8gles de comp\u00e9tence sp\u00e9ciale, notamment en cas de litige avec un consommateur.<\/p>\r\n<p class=\"paragraph\">Derni\u00e8re mise \u00e0 jour : 03 avril 2020.<\/p>\r\n<\/div>\r\n<\/div><p>&nbsp;<\/p>\r\n<p>[\/vc_column_text][\/vc_column][\/vc_row]<\/p>","protected":false},"excerpt":{"rendered":"<p>[vc_row][vc_column][vc_column_text] Qui sommes-nous\u00a0? L\u2019adresse de notre site Web est : gab-expert.fr. &nbsp; AVANT-PROPOS Sauf disposition contraire, les pr\u00e9sentes mentions l\u00e9gales sont applicables \u00e0 votre navigation sur le site Internet www.gab-expert.fr\u00a0y&#8230;<\/p>\n","protected":false},"author":1,"featured_media":0,"parent":0,"menu_order":0,"comment_status":"closed","ping_status":"open","template":"","meta":{"footnotes":""},"class_list":["post-3761","page","type-page","status-publish","hentry"],"_links":{"self":[{"href":"https:\/\/gab-expert.fr\/index.php?rest_route=\/wp\/v2\/pages\/3761","targetHints":{"allow":["GET"]}}],"collection":[{"href":"https:\/\/gab-expert.fr\/index.php?rest_route=\/wp\/v2\/pages"}],"about":[{"href":"https:\/\/gab-expert.fr\/index.php?rest_route=\/wp\/v2\/types\/page"}],"author":[{"embeddable":true,"href":"https:\/\/gab-expert.fr\/index.php?rest_route=\/wp\/v2\/users\/1"}],"replies":[{"embeddable":true,"href":"https:\/\/gab-expert.fr\/index.php?rest_route=%2Fwp%2Fv2%2Fcomments&post=3761"}],"version-history":[{"count":5,"href":"https:\/\/gab-expert.fr\/index.php?rest_route=\/wp\/v2\/pages\/3761\/revisions"}],"predecessor-version":[{"id":3949,"href":"https:\/\/gab-expert.fr\/index.php?rest_route=\/wp\/v2\/pages\/3761\/revisions\/3949"}],"wp:attachment":[{"href":"https:\/\/gab-expert.fr\/index.php?rest_route=%2Fwp%2Fv2%2Fmedia&parent=3761"}],"curies":[{"name":"wp","href":"https:\/\/api.w.org\/{rel}","templated":true}]}}