{"id":3682,"date":"2020-04-02T12:57:36","date_gmt":"2020-04-02T10:57:36","guid":{"rendered":"http:\/\/localhost\/gab-expert.fr\/?page_id=3682"},"modified":"2020-04-07T16:45:09","modified_gmt":"2020-04-07T14:45:09","slug":"plomberie-urgence-3","status":"publish","type":"page","link":"https:\/\/gab-expert.fr\/?page_id=3682","title":{"rendered":"R\u00c9NOVATION CUISINE ET SALLE DE BAIN"},"content":{"rendered":"<p>[vc_row equal_height=\u00a0\u00bbyes\u00a0\u00bb][vc_column]<div class=\"mgt-header-block clearfix text-left text-black wpb_content_element  mgt-header-block-style-2 mgt-header-texttransform-header \"><h2 class=\"mgt-header-block-title\">Nos services de r\u00e9novation cuisine et salle de bain<\/h2><div class=\"mgt-header-line\"><\/div><\/div>[\/vc_column][vc_column width=\u00a0\u00bb2\/3&Prime; css=\u00a0\u00bb.vc_custom_1585767986281{padding-top: 25px !important;}\u00a0\u00bb][vc_column_text css=\u00a0\u00bb.vc_custom_1585824903403{padding-top: 20px !important;padding-right: 20px !important;padding-bottom: 20px !important;padding-left: 20px !important;}\u00a0\u00bb]<strong>Vous souhaitez une r\u00e9novation int\u00e9grale ? Ou seulement quelques travaux de plomberie ?<\/strong><\/p>\n<p>Votre cuisine et votre salle de bain se doivent d&rsquo;\u00eatre con\u00e7ues en fonction de votre mode de vie et de vos habitudes.<\/p>\n<p>Notre entreprise G.A.B donne des conseils personnalis\u00e9s \u00e0 chaque besoin, pour l&rsquo;installation de votre cuisine ou de votre salle de bain.<\/p>\n<p>Nous la rendons la plus fonctionnelle possible, en y optimisant l&rsquo;espace gr\u00e2ce \u00e0 de nouveaux rangements. Nous cr\u00e9ons aussi des espaces d\u00e9di\u00e9s pour encastrer vos appareils \u00e9lectrom\u00e9nagers. Que vous pr\u00e9f\u00e9riez le rustique au moderne, ou bien une d\u00e9coration design, tout est possible avec G.A.B! Nos artisans mettent un catalogue \u00e0 votre disposition, pour que vous puissiez choisir les mat\u00e9riaux et les \u00e9quipements qui vous conviennent.<\/p>\n<p>Nos plombiers se chargeront d&rsquo;installer votre nouvelle tuyauterie, votre sanitaire, vos canalisations d\u2019\u00e9vacuation et de ventilation, robinets \u00e0 faible d\u00e9bit, etc&#8230;<\/p>\n<p>Plusieurs options sont possibles en fonction de vos envies, tout en respectant les normes de votre installation actuelle: tuyauterie PVC, tuyauterie PER, tuyauterie en cuivre, tuyauterie multicouche ou encore plomberie sans soudure. Nos professionnels disposent les tuyaux, les raccords et les joints avec la plus grande expertise, pour garantir une parfaite \u00e9tanch\u00e9it\u00e9 de votre cuisine et de votre salle de bain.<\/p>\n<p>Nous mettons tout en \u0153uvre pour concr\u00e9tiser vos id\u00e9es, qui viendront parfaire l&rsquo;ambiance de votre int\u00e9rieur. Des gros travaux jusqu&rsquo;aux finitions les plus d\u00e9licates, nous vous accompagnons dans tout le processus de cr\u00e9ation, afin que votre int\u00e9rieur refl\u00e8te au mieux votre personnalit\u00e9![\/vc_column_text][\/vc_column][vc_column width=\u00a0\u00bb1\/3&Prime;]<style scoped='scoped'>.mgt-promo-block-26002.mgt-promo-block.darken .mgt-promo-block-content {background-color: rgba(0,0,0,0.3)!important;}.mgt-promo-block-26002.mgt-promo-block.animated:hover .mgt-promo-block-content {background-color: rgba(0,0,0,0.5)!important;}<\/style><div class=\"mgt-promo-block animated white-text cover-image text-size-normal darken mgt-promo-block-26002 wpb_content_element wpb_animate_when_almost_visible wpb_appear\" data-style=\"width: 100%; height: 250px;\"><div class=\"mgt-promo-block-content\"><div class=\"mgt-promo-block-content-inside\">\n<h2 style=\"text-align: center\">Contactez-nous<\/h2>\n<h1 style=\"text-align: center\"><strong>06.58.10.55.16<\/strong><\/h1>\n<\/div><\/div><\/div>[\/vc_column][\/vc_row][vc_row][vc_column]<style scoped='scoped'>.mgt-promo-block-68976.mgt-promo-block.darken .mgt-promo-block-content {background-color: rgba(0,0,0,0.3)!important;}.mgt-promo-block-68976.mgt-promo-block.animated:hover .mgt-promo-block-content {background-color: rgba(0,0,0,0.5)!important;}<\/style><div class=\"mgt-promo-block animated white-text cover-image text-size-normal darken mgt-promo-block-68976 wpb_content_element\" data-style=\"background-image: url(https:\/\/gab-expert.fr\/wp-content\/uploads\/2020\/03\/bad-3248474_1920.jpg);background-repeat: no-repeat;width: 100%; height: 700px;\"><div class=\"mgt-promo-block-content\"><div class=\"mgt-promo-block-content-inside\"><\/div><\/div><\/div>[\/vc_column][\/vc_row]<\/p>\n","protected":false},"excerpt":{"rendered":"<p>[vc_row equal_height=\u00a0\u00bbyes\u00a0\u00bb][vc_column][\/vc_column][vc_column width=\u00a0\u00bb2\/3&Prime; css=\u00a0\u00bb.vc_custom_1585767986281{padding-top: 25px !important;}\u00a0\u00bb][vc_column_text css=\u00a0\u00bb.vc_custom_1585824903403{padding-top: 20px !important;padding-right: 20px !important;padding-bottom: 20px !important;padding-left: 20px !important;}\u00a0\u00bb]Vous souhaitez une r\u00e9novation int\u00e9grale ? Ou seulement quelques travaux de plomberie ? Votre cuisine et&#8230;<\/p>\n","protected":false},"author":1,"featured_media":0,"parent":461,"menu_order":0,"comment_status":"closed","ping_status":"closed","template":"only-content-page.php","meta":{"footnotes":""},"class_list":["post-3682","page","type-page","status-publish","hentry"],"_links":{"self":[{"href":"https:\/\/gab-expert.fr\/index.php?rest_route=\/wp\/v2\/pages\/3682","targetHints":{"allow":["GET"]}}],"collection":[{"href":"https:\/\/gab-expert.fr\/index.php?rest_route=\/wp\/v2\/pages"}],"about":[{"href":"https:\/\/gab-expert.fr\/index.php?rest_route=\/wp\/v2\/types\/page"}],"author":[{"embeddable":true,"href":"https:\/\/gab-expert.fr\/index.php?rest_route=\/wp\/v2\/users\/1"}],"replies":[{"embeddable":true,"href":"https:\/\/gab-expert.fr\/index.php?rest_route=%2Fwp%2Fv2%2Fcomments&post=3682"}],"version-history":[{"count":2,"href":"https:\/\/gab-expert.fr\/index.php?rest_route=\/wp\/v2\/pages\/3682\/revisions"}],"predecessor-version":[{"id":3950,"href":"https:\/\/gab-expert.fr\/index.php?rest_route=\/wp\/v2\/pages\/3682\/revisions\/3950"}],"up":[{"embeddable":true,"href":"https:\/\/gab-expert.fr\/index.php?rest_route=\/wp\/v2\/pages\/461"}],"wp:attachment":[{"href":"https:\/\/gab-expert.fr\/index.php?rest_route=%2Fwp%2Fv2%2Fmedia&parent=3682"}],"curies":[{"name":"wp","href":"https:\/\/api.w.org\/{rel}","templated":true}]}}